/6 - s**2/2 - 7*s. Suppose 0 = 4*o - 5*c - 13, o + 2*o = 5*c + 11. Determine p(o).
1
Let y(v) = -4*v**3 - 4*v + 2*v**2 - 5*v - 1 + 9*v. Give y(1).
-3
Let v(q) be the second derivative of q**5/20 + q**4/12 - q**3/2 - q**2 + q. Suppose -3*j - 9 = -3. What is v(j)?
0
Let i = -1/52 + 27/52. Let j(y) be the second derivative of 1/12*y**4 + 1/6*y**3 - i*y**2 + 0 - 2*y. Determine j(0).
-1
Let y(d) = -d + 2. Let h be y(4). Let r(j) = 8*j + 1. Let x(i) = -12*i - 1. Let p(w) = 8*r(w) + 5*x(w). Determine p(h).
-5
Let d(r) = -r + 1. Let c be d(5). Let t be c/2*45/(-6). Suppose -5 = 2*p - t. Let f(x) = 2*x - 2. Calculate f(p).
8
Let i(z) = z - 2. Let n(u) = 5*u**2 - 1. Let v be n(-1). Suppose -2*d + 2 = -3*k, 5*d = -k + v + 1. Let g be i(k). Let y(a) = 2*a. Give y(g).
-4
Let q(z) be the first derivative of -z**4/4 - z**3/3 + 1. Let j be (1 - -1)/(1 - 0). Suppose 0*t = -j*t. What is q(t)?
0
Let v be ((-55)/(-10) + -5)*-4. Let x(g) = g**3 + 2*g**2 - 2*g - 3. What is x(v)?
1
Suppose -l = 4*i + 6 - 2, i - 2*l - 8 = 0. Let f(c) = c**3 + 5*c**2 - 2*c - 6. Let m be f(-5). Let z(p) = -p**2 + 1 - m - 2*p + 6 + p. Calculate z(i).
3
Let z = 149 - 157. Let a(i) = i**2 + 8*i - 2. Give a(z).
-2
Let u(g) = g**3 - 6*g**2 + g + 3. Suppose -5*f = -0*f - 5*d - 10, 2*f + 3*d - 9 = 0. Calculate u(f).
-21
Let o(y) be the second derivative of y**5/20 - y**4/2 - 3*y**3/2 + 7*y**2/2 - 5*y. What is o(7)?
-7
Let p(s) = -4 - 8*s + 7*s + 0 - 4*s. Calculate p(-3).
11
Let m(v) = v + 3. Let t be m(-1). Let c(z) = z**2 + 2*z - 1. Determine c(t).
7
Let n(g) be the first derivative of 1/120*g**6 - 7/6*g**3 + 0*g + 5/24*g**4 - 1/10*g**5 - 1 - g**2. Let t(y) be the second derivative of n(y). Calculate t(5).
-7
Let a(s) = -1 + s + 5*s**2 + 1 - 7*s**2. What is a(2)?
-6
Let c(y) = y - 1. Let i be -3*(35/15 + -4). Calculate c(i).
4
Let q(c) = -2*c - 1. Let y(z) = -5*z - 2. Let d(t) = 7*q(t) - 3*y(t). Determine d(-5).
-6
Let u = 25 - 24. Suppose 5*o = -4*s - 19, -2*o - 8 = s - 4. Let v be (-10 - s)/(-1*u). Let t(f) = f**3 - 3*f**2 - 2*f - 4. Determine t(v).
4
Let p(r) be the third derivative of r**8/6720 + r**7/504 - r**6/720 - r**5/120 - r**4/8 + 3*r**2. Let m(z) be the second derivative of p(z). Give m(-5).
4
Let g(k) = k - 3. Suppose r = -r + 6. Suppose 0 = -r*v + 6*v + 12. Determine g(v).
-7
Let x(v) = -3*v**2 + 5*v - 4. Suppose 0*w = w + 2. Let q(g) = 10*g**2 - 16*g + 12. Let r(b) = w*q(b) - 7*x(b). Let z = 11 - 7. Determine r(z).
8
Let k(s) be the third derivative of -s**4/24 - s**3/6 + 2*s**2. Let b be 6/(-9)*(-30)/4. Suppose -5*n + d - 12 = 0, -4*n - b*d + 5 = 3. Determine k(n).
1
Suppose -14*b = -6*b + 16. Let m(j) be the third derivative of 1/60*j**5 + 0 - 1/6*j**3 - 1/24*j**4 + 0*j - j**2. What is m(b)?
5
Let l(r) = r**3 + 3*r**2 - 3*r + 3. Let b = 17 + -21. What is l(b)?
-1
Let v(h) = h + 7. Suppose -2*k + k + 3 = 0. Suppose 9 = -k*u - 0*u. Calculate v(u).
4
Let v be 14/21*(-15)/(-2). Let q(x) = -x**3 + 5*x**2 + 2. Let r be q(v). Let c(z) = -z**2 - z + 2. What is c(r)?
-4
Suppose 0 = q - 2, 3*h - 2*h = -q + 14. Let f be 28/(h/(-3)) - -1. Let t(x) = x**2 + 8*x + 5. What is t(f)?
-7
Suppose 0 = -3*l - 4*g + 84, 140 = -0*l + 5*l + 5*g. Let h = -25 + l. Let q(s) = -2*s**2 + 4*s + 1. Give q(h).
-5
Let h(r) = -3*r + 7 - r + 3*r. Let o(y) = y**2 + 6*y + 5. Let i be o(-6). Calculate h(i).
2
Let s(o) = -2*o - 9. Let z be s(-6). Let c(m) = 3*m**2 - 2*m - 3. Determine c(z).
18
Let f(q) = q**3 + 3*q**2 - 2*q - 6. Let c be (-204)/54 - (-2)/(-9). Give f(c).
-14
Let u(a) = a + 3 - 4*a - 4. Let k be 6/14 - 16/(-28). Determine u(k).
-4
Suppose -m + 5*g + 7 = 0, m - 2*g - 1 = 3. Let j(o) = -9 + o**3 - 2*o**3 - 6*o**2 + 2*o - 3*o + m. Give j(-6).
-1
Let f(d) = -d - 11. Suppose 6*s = 2*s. Suppose s = 4*k + 7 + 13. Let n be 1 - ((-3)/(-3) - k). Calculate f(n).
-6
Let c(t) = -5*t**2 - 11*t - 7. Let s(w) = -w**2 - w - 1. Let l(v) = c(v) - 4*s(v). Calculate l(-6).
3
Let l(p) be the first derivative of 2*p**2 + p + 1. Let j(u) = -u. Let d(q) = -4*j(q) + l(q). Determine d(-1).
-7
Suppose v = 5*w - 0*w - 10, 3*v = w - 16. Let n(i) = i - 10. Suppose 6*x + 20 = 2*x. Let y(a) = -2*a + 11. Let o(h) = x*n(h) - 4*y(h). Determine o(v).
-9
Suppose 2 - 3 = i. Let q(r) = 1 + r**3 + r + r**2 + 0 + 0. Determine q(i).
0
Let b(r) = 3 - 4*r**3 - r**3 + 3*r + 29*r + 37*r**2 + 4. Let u(g) = g**3 - 9*g**2 - 8*g - 2. Let w(y) = 2*b(y) + 9*u(y). Calculate w(-5).
-14
Let k(g) = -4*g + 4. Suppose -4*v = -4*j - 4, 2*v + 0*j - 4*j = 0. Let d(p) = p - 1. Let t(i) = v*k(i) + 6*d(i). Determine t(6).
-10
Let h(a) = 4*a + 3. Suppose 3*s = l + 36, 0 = 5*l - 0*s - 5*s + 210. Let d be (-280)/l - (-2)/(-9). Let p be (-8)/d - (-10)/(-15). Give h(p).
-5
Let v(j) = 3*j + 0 - 6 - 5*j + 2. What is v(3)?
-10
Let v(y) = -6*y + 4*y**3 - 1 + 6 - 3*y**3 - 3*y**2. Let q(t) = 2*t**2 - 7*t - 26. Let g be q(6). Determine v(g).
-3
Let k(m) = 5*m**2 - m - 1. Let r(v) = -7*v**2 - v - 1. Let c be r(-1). Let o = c + 6. Determine k(o).
5
Let n = -4 + 8. Let c be (1/n)/(2/16). Let m(j) = 2 + j**2 + 1 - 2. Determine m(c).
5
Let d(q) = -q**2 + 11*q - 8. Let a be d(4). Let b be -1*a/8*-2. Let y(p) be the third derivative of p**6/120 - p**5/10 + p**4/4 - p**3/6 - p**2. Determine y(b).
4
Let w(b) = 8*b. Let y(x) = 2*x + 2. Let p(l) = -l + 1. Let s(c) = 2*p(c) - y(c). Suppose 2*m + 9 = 21. Let h(o) = m*w(o) + 11*s(o). Give h(2).
8
Let a(f) be the third derivative of f**6/120 + f**5/15 - f**4/4 + f**3/3 + 2*f**2. What is a(-5)?
7
Suppose -2*k - 2*k + 20 = 0. Let o(q) = -7*q**3 + 10*q**2 - 4*q + 10. Let v(n) = -n**3 + n**2 - n + 1. Let s(i) = -o(i) + 6*v(i). What is s(k)?
11
Let k = -2 + 5. Let g(h) = -3 + k - 3*h. Let n = 39 + -36. What is g(n)?
-9
Let d(y) = -y**3 + 5*y**2 + 8*y + 4. Let b be ((-45)/20)/(6/(-16)). Let h be d(b). Suppose 3*k - h = -7. Let p(a) = a**2 - 4*a - 1. What is p(k)?
-4
Let z(h) = -2*h**2 + h + 3 + h**2 - 4. Let n = -21 - -11. Let s = n + 10. Determine z(s).
-1
Let d be 0/3*2/(-4). Suppose -3*x + 2 = h, d*h - 14 = x + 4*h. Let q(y) = 3*y - 5. Let v(t) = 3*t - 4. Let u(z) = -2*q(z) + 3*v(z). What is u(x)?
4
Let y(n) be the third derivative of n**5/60 + n**4/3 + n**3/2 - 35*n**2. Calculate y(-5).
-12
Let g(o) = -6*o**3. Suppose a + 2*y - 7*y + 55 = 0, 2*y = 3*a + 191. Let r be a/55 - 4/(-22). Determine g(r).
6
Let a(b) = -b**2 + 8. Suppose 3*q - 2*z = -37 - 6, 55 = -4*q + 5*z. Let f = q - -15. Determine a(f).
8
Let z(f) be the first derivative of -f**4/4 + 2*f**3/3 - f**2/2 - f - 4. Let d(h) = 3*h**3 - 6*h**2 + 4*h + 4. Let a(x) = 2*d(x) + 7*z(x). Give a(2).
3
Let l(k) be the first derivative of k**4/4 - 2*k**3/3 + k**2/2 - 9*k + 3. Let y(s) = -s**3 + 2*s**2 + 8. Let p(q) = -5*l(q) - 6*y(q). What is p(4)?
9
Suppose -2*y + 0 + 6 = 0. Let o(x) = -x + y*x - 2*x - x. Give o(-6).
6
Let s be (-2)/4 + 44/8. Let g = -2 + s. Let t(x) be the second derivative of -x**3/2 - 2*x. Give t(g).
-9
Let v = -76 - -78. Let q(a) = -a**2 + 2*a + 1. Calculate q(v).
1
Let s(q) = -2*q - 3*q + 1 + 0*q + 0*q. Let z be (1/3)/((-6)/18). What is s(z)?
6
Let f(u) = -u**2 + 5*u + 2. Suppose 0*n - 3*n + 16 = 4*r, 2*r - 8 = 4*n. Suppose 3*o - q - 14 = n, -o - 2 = -2*o - q. What is f(o)?
6
Suppose 5*v + 13 = 18. Let a(p) = 6 + 5*p**3 - 2 - 3. Calculate a(v).
6
Let h(k) be the second derivative of -k**4/12 + k**3 - k**2/2 - 3*k. Determine h(4).
7
Let m(g) = -g**3 - g**2 + g + 1. Let v(w) = -w**3 - w**2 + 2*w - 1. Suppose 0*h - 4 = -4*h. Let q be v(h). What is m(q)?
0
Let u(k) = 2*k**2 - 2*k**2 - k**2 + 4*k. Calculate u(6).
-12
Suppose 1 = -3*h - 4*n, -3*h + h - 4*n = 2. Suppose h = 2*q - 1. Let d = -3 - q. Let g(a) = 2*a + 1. What is g(d)?
-7
Let l(n) be the second derivative of n**8/6720 + n**6/360 + n**5/120 + 7*n**4/12 - 2*n. Let u(z) be the third derivative of l(z). What is u(-1)?
-2
Let d(x) = x**2 + 5*x - 5. Let l(c) = c + 2. Let g be l(-1). Let b(r) = 1 - 1 + g. Let j(m) = 5*b(m) + d(m). Give j(-4).
-4
Suppose i + 9 = 4*z - 8, z - 4*i = 23. Let n(v) = -v**2 - 4*v + 2. Calculate n(z).
-19
Let c(f) = 2*f**2 + 2*f. Suppose 4*y = -5*s - 8 - 10, -y + 27 = -4*s. Let h be (-44)/(-12) - (-4)/s. Suppose -4 = h*t + 2. Calculate c(t).
4
Suppose 0*d = -5*d. Suppose 0 = -5*n - d*n + 15. Let b(z) = -3 - 2*z**3 + 5 - 3*z + z**3 + n*z**2. Give b(2).
0
Let x(j) be the first derivative of j